nder when 688140 is divided by 1598?
1000
Calculate the remainder when 11846559 is divided by 60.
39
What is the remainder when 39678 is divided by 2759?
1052
What is the remainder when 453786 is divided by 21577?
669
What is the remainder when 656625 is divided by 15?
0
Calculate the remainder when 339663 is divided by 113198.
69
Calculate the remainder when 2342868 is divided by 4132.
24
What is the remainder when 1470940 is divided by 490261?
157
What is the remainder when 3399751 is divided by 377679?
640
What is the remainder when 22388710 is divided by 3731445?
40
Calculate the remainder when 4755896 is divided by 1585297.
5
What is the remainder when 4356081 is divided by 176?
81
Calculate the remainder when 3930483 is divided by 268.
263
What is the remainder when 840135 is divided by 16473?
12
Calculate the remainder when 5090276 is divided by 509027.
6
What is the remainder when 2733408 is divided by 101228?
252
What is the remainder when 1058995 is divided by 10081?
490
What is the remainder when 8636 is divided by 197?
165
Calculate the remainder when 160020 is divided by 7260.
300
Calculate the remainder when 960078 is divided by 553.
70
Calculate the remainder when 217644 is divided by 72538.
30
What is the remainder when 5285948 is divided by 12?
8
Calculate the remainder when 391008 is divided by 1493.
1335
Calculate the remainder when 9871472 is divided by 340393.
75
Calculate the remainder when 429986 is divided by 138283.
15137
Calculate the remainder when 4936952 is divided by 1956.
8
Calculate the remainder when 463089 is divided by 66154.
11
What is the remainder when 3356231 is divided by 78?
47
Calculate the remainder when 1034441 is divided by 517090.
261
Calculate the remainder when 38925 is divided by 2263.
454
What is the remainder when 7481514 is divided by 19?
17
What is the remainder when 31223276 is divided by 3085?
3076
Calculate the remainder when 3761234 is divided by 341929.
15
Calculate the remainder when 135036 is divided by 11.
0
Calculate the remainder when 162029 is divided by 2837.
320
Calculate the remainder when 172644 is divided by 329.
248
What is the remainder when 339521 is divided by 167435?
4651
Calculate the remainder when 1331454 is divided by 239.
224
What is the remainder when 263022 is divided by 9059?
311
Calculate the remainder when 162753 is divided by 7200.
4353
What is the remainder when 1239828 is divided by 206?
120
What is the remainder when 2863894 is divided by 260293?
671
Calculate the remainder when 14889534 is divided by 1110.
1104
Calculate the remainder when 879852453 is divided by 216.
213
Calculate the remainder when 709315 is divided by 80.
35
Calculate the remainder when 454942220 is divided by 396.
392
Calculate the remainder when 2516451623 is divided by 24.
23
Calculate the remainder when 631064 is divided by 128.
24
What is the remainder when 69811 is divided by 405?
151
What is the remainder when 3260 is divided by 160?
60
What is the remainder when 79769 is divided by 13293?
11
What is the remainder when 41919720 is divided by 5988528?
24
Calculate the remainder when 2121007 is divided by 662.
621
What is the remainder when 572238 is divided by 44012?
82
What is the remainder when 54481 is divided by 5806?
2227
Calculate the remainder when 16211697 is divided by 29.
1
What is the remainder when 1146541 is divided by 673?
422
Calculate the remainder when 114084 is divided by 27764.
3028
What is the remainder when 4964273 is divided by 18251?
1
Calculate the remainder when 18490493 is divided by 2494.
2471
What is the remainder when 13439446 is divided by 129?
97
What is the remainder when 161610 is divided by 161340?
270
Calculate the remainder when 146487 is divided by 29021.
1382
What is the remainder when 706531 is divided by 3898?
993
What is the remainder when 8924248 is divided by 20?
8
Calculate the remainder when 1237692 is divided by 162.
12
Calculate the remainder when 110092 is divided by 1573.
1555
Calculate the remainder when 3302165 is divided by 194245.
0
Calculate the remainder when 492796 is divided by 35178.
304
What is the remainder when 245802 is divided by 38?
18
Calculate the remainder when 2253383 is divided by 4462.
73
What is the remainder when 1781213 is divided by 153?
140
What is the remainder when 1053379 is divided by 110?
19
What is the remainder when 20811494 is divided by 11?
0
Calculate the remainder when 27274 is divided by 3731.
1157
Calculate the remainder when 9776053 is divided by 15896.
13
Calculate the remainder when 1004885 is divided by 11550.
35
Calculate the remainder when 84913 is divided by 84660.
253
Calculate the remainder when 4340336 is divided by 4340160.
176
What is the remainder when 3894901 is divided by 34?
31
What is the remainder when 5717627 is divided by 54?
53
What is the remainder when 691476 is divided by 1462?
1412
What is the remainder when 2688956 is divided by 4?
0
What is the remainder when 52989 is divided by 603?
528
Calculate the remainder when 678259 is divided by 2579.
2561
What is the remainder when 3977851 is divided by 12628?
31
Calculate the remainder when 93441607 is divided by 31147197.
16
What is the remainder when 706652554 is divided by 80?
74
What is the remainder when 1646599 is divided by 457?
28
Calculate the remainder when 16347916 is divided by 27292.
8
Calculate the remainder when 1036385 is divided by 1036350.
35
Calculate the remainder when 138557 is divided by 66.
23
Calculate the remainder when 9910860 is divided by 34.
30
What is the remainder when 95659 is divided by 47738?
183
What is the remainder when 1520368 is divided by 1787?
1418
What is the remainder when 360318 is divided by 13858?
10
What is the remainder when 242837 is divided by 34441?
1750
Calculate the remainder when 488395 is divided by 128.
75
What is the remainder when 90310 is divided by 15029?
136
What is the remainder when 810966 is divided by 13743?
129
What is the remainder when 187356 is divided by 2311?
165
Calculate the remainder when 1612886 is divided by 1173.
11
Calculate the remainder when 2705737 is divided by 2705733.
4
What is the remainder when 96662 is divided by 463?
358
What is the remainder when 3427080 is divided by 18229?
28
Calculate the remainder when 2053548 is divided by 11536.
140
What is the remainder when 1004196 is divided by 23895?
606
Calculate the remainder when 189978 is divided by 240.
138
Calculate the remainder when 13593427 is divided by 201.
199
Calculate the remainder when 364559 is divided by 253.
239
Calculate the remainder when 46019 is divided by 6372.
1415
What is the remainder when 2488397 is divided by 21088?
13
Calculate the remainder when 69228 is divided by 2136.
876
What is the remainder when 20812564 is divided by 22?
14
Calculate the remainder when 87708 is divided by 5479.
44
Calculate the remainder when 306753 is divided by 306598.
155
What is the remainder when 1933195 is divided by 96?
43
Calculate the remainder when 9837691 is divided by 176.
171
Calculate the remainder when 247802 is divided by 81958.
1928
Calculate the remainder when 21053 is divided by 725.
28
What is the remainder when 282108 is divided by 1206?
1110
Calculate the remainder when 286577437 is divided by 1082.
1081
Calculate the remainder when 748798 is divided by 12273.
145
What is the remainder when 649252 is divided by 161980?
1332
Calculate the remainder when 654562 is divided by 327273.
16
What is the remainder when 905473 is divided by 452668?
137
What is the remainder when 2114139 is divided by 591?
132
What is the remainder when 2413694 is divided by 31?
3
What is the remainder when 18597340 is divided by 16?
12
What is the remainder when 601709 is divided by 300843?
23
What is the remainder when 1364015 is divided by 365?
10
What is the remainder when 317070 is divided by 39624?
78
Calculate the remainder when 41380 is divided by 34327.
7053
Calculate the remainder when 53066 is divided by 17342.
1040
What is the remainder when 14502 is divided by 3605?
82
Calculate the remainder when 111226248 is divided by 881.
879
What is the remainder when 1750362 is divided by 3473?
3443
What is the remainder when 527333 is divided by 1887?
860
What is the remainder when 1831 is